= 3*i + 5*r + 33, 3*i + 108 = -2*r. Let a = i + q. Is a prime?
True
Suppose -5*h - 2010 = -5*p, 0 = 2*p - 7*p - 2*h + 2045. Is p a composite number?
True
Let y be ((-2)/4)/((-1)/(-62)). Let c = 46 + y. Is c prime?
False
Let s = 11 - 8. Suppose s*d - 300 = 39. Is d a composite number?
False
Let p be 8/3*(-45)/(-12). Let d = p + -3. Is d prime?
True
Let y be (-6)/4*(-6)/9. Let h = y - -1. Suppose h*r - 38 = 152. Is r prime?
False
Suppose 12 = t - 51. Let m = 160 + t. Is m prime?
True
Suppose 666 = 4*j + 2*j. Is j a composite number?
True
Suppose r - 662 = 5873. Is r a prime number?
False
Let m(c) = -16*c**2 - c + 3. Let p be m(-5). Let f be 2/5 - p/20. Suppose -3*h = 5 - f, 4*w - 2*h = 642. Is w composite?
False
Let d = 8 + -6. Suppose -r = d*r - 9. Suppose -333 = -0*s - r*s. Is s prime?
False
Let n = -4 + 0. Let p = 31 - n. Suppose 3*k - p = -2*k. Is k a composite number?
False
Let u(p) = -19*p + p**2 + 20*p**2 + 16*p - 1. Is u(-2) composite?
False
Let f be -2 + 1 + (-51)/1. Let i(m) = m - 1. Let o be i(-4). Is -3 - o - (f - -1) a prime number?
True
Suppose -586 = -4*k + 426. Let q = k + -141. Suppose -5*i + q = 2*z - 55, 5*i - 4*z - 191 = 0. Is i a prime number?
False
Let p(g) = -1075*g + 3. Is p(-2) a composite number?
False
Is (-194)/(-5) + 10/50 prime?
False
Suppose 2*b = -2*a + 840, 3*b = 2*a - 171 - 664. Is a a composite number?
False
Let t be (-2)/(-5) + (-2)/5. Suppose m + 2*m - 24 = -3*n, 0 = -3*n + 5*m - 16. Suppose t = -q - 5*a + 84, n*q - a - a - 167 = 0. Is q composite?
False
Let s(i) = 29*i**2 - 4. Is s(-3) a composite number?
False
Let l = 870 - 619. Is l a composite number?
False
Let b be (2 + -8)*(-69)/6. Let z = 14 + b. Is z composite?
False
Suppose -3*m = -8*m - 4*b + 1485, -1525 = -5*m + 4*b. Is m a prime number?
False
Is ((-4014)/27)/(2/(-3)) composite?
False
Let x be (-15)/(-4) + (-8)/(-32). Suppose -3*u - 2*u = -5*y, 2 = -3*y + 4*u. Suppose -34 = -y*a - 4*o, -x*a + 0*o + 3*o = -90. Is a composite?
True
Let l = 12 - 5. Let i = l - 4. Suppose -4*f + 0*u = 3*u - 148, -i*f + 111 = 5*u. Is f composite?
False
Let q = -32 + 172. Suppose -3*o - 3*t = -t + 195, -o = -4*t + 51. Let d = q + o. Is d a composite number?
True
Is 3032/20 + -3 + (-4)/(-10) a composite number?
False
Let s(i) = 10*i**3 - 2*i**2 + i - 2. Is s(3) a composite number?
True
Let l(o) = o**3 + 5*o**2 + 3*o. Let j be l(-4). Suppose -j*v = -8*v + 508. Suppose -d + 84 = -v. Is d composite?
False
Suppose 2*k = -o + 610 + 151, -2*o - 752 = -2*k. Is k prime?
True
Let j(o) = -40*o - 19. Let z(t) = -80*t - 37. Let v(l) = 9*j(l) - 4*z(l). Is v(-7) prime?
True
Let l = -2528 + 3595. Is l prime?
False
Let t = -3800 - -5557. Is t a composite number?
True
Suppose -2*a + 28 = -18. Is a composite?
False
Let g be -2 - ((2 - 3) + -1). Suppose 4*p - 8 = -g. Suppose 5 = p*n - 47. Is n prime?
False
Let u be 1440/(-10)*(-2)/(-4). Is (5/3)/((-8)/u) prime?
False
Suppose 5*o - 5806 = 3*r - 1809, 0 = 5*o + 2*r - 3977. Is o composite?
False
Suppose -3*k + 0*k = 12. Let p be (k - 40) + 1*-1. Let y = 92 + p. Is y prime?
True
Let s(y) = -10*y + 3007. Is s(0) a prime number?
False
Is ((-16)/4)/(-20)*1535 prime?
True
Let d(h) = 6*h**2 + 3*h. Let m be d(-3). Let y be m/(-25) - 2/10. Let k(r) = -10*r**3 - r**2 + 1. Is k(y) a composite number?
True
Let t be (56/(-10))/2*-5. Suppose -5*r + 20 + t = s, -3*r + 28 = s. Suppose 18 = o - s. Is o prime?
True
Let z be (-4)/(-2) - 1*2. Suppose -q = 3*t - 286 - 16, z = 5*t + 2*q - 504. Let l = 15 + t. Is l prime?
False
Suppose 0 = -4*l + 2*u - 5*u + 383, -96 = -l - u. Is l a prime number?
False
Suppose 0 = -2*v + 79 + 225. Let d be ((-6)/(-9))/(4/1578). Let c = d - v. Is c a composite number?
True
Suppose -3*h = -2*h - 4. Suppose h*s - 646 = -258. Suppose -68 = -5*p + s. Is p prime?
False
Suppose 4*t - 2*f = 6, -1 = 4*f - 3*f. Let d be 0 - t*-2*-22. Let y = d - -75. Is y a prime number?
True
Is 1003 + 2 + (-4 - -2) composite?
True
Suppose 0*m = -m + 7. Let b(s) = 3 + s**3 + 5*s - 4*s**2 + 0*s**2 + 0*s**3 - 13*s. Is b(m) a prime number?
False
Suppose -2*y - 10 = 3*n, 6*n = 2*y + 2*n - 4. Let q = y + 7. Is q + -5 + 0 + 97 prime?
True
Suppose 0 = d - 5*c + 20, d + 2*d + c = 4. Suppose d*a + 3*a = 588. Let f = a - 102. Is f a composite number?
True
Let y(c) = -4*c. Let w be y(-1). Suppose u = -w*m + 10, -4 = -2*m - 5*u + 10. Is (169/m)/((-7)/(-14)) a composite number?
True
Let i(u) = 208*u**3 + 2*u**2 - u - 1. Is i(2) prime?
True
Suppose 4188 = 5*p + 1028. Suppose -3*l = l + p. Let i = -65 - l. Is i a prime number?
False
Suppose 0*t = 4*t - 1492. Let y = t + -205. Let h = 283 - y. Is h prime?
False
Suppose -5*b = c + 2*c - 788, -2*b + 4*c + 310 = 0. Is b a prime number?
True
Suppose -7*d - 447 = -10*d. Is d composite?
False
Suppose -4*l - 35 = -3*w, 3*l = w - 0*w - 20. Let p be 3/(-3) - (-2 + -1). Suppose p*f + 111 = w*f. Is f composite?
False
Let m = 726 - -2377. Is m a composite number?
True
Let m be 6 + (2 - 2) + 1. Suppose 267 = -4*g + m*g. Is g a composite number?
False
Suppose -6*w + 2783 = -4375. Is w prime?
True
Suppose 5*i + 3*q = -14, -3*q + q - 11 = 5*i. Let u be i*(-1 + 2 + -86). Suppose 3*y + u = 5*a + 5*y, -3*a = -3*y - 30. Is a a composite number?
True
Let g be (24/28)/(1/(-35)). Let u be ((-9)/6)/(9/g). Suppose 95 = 4*t + u*b + 7, 3*t = 2*b + 66. Is t a prime number?
False
Let j(o) = o**2 - o - 1. Let s(x) = 6*x**2 - 8*x - 1. Let d be 1*(15/(-3))/1. Let y(g) = d*j(g) + s(g). Is y(5) prime?
False
Let a = -56 - -40. Let y(b) = -16*b - 5. Is y(a) a prime number?
True
Let d(o) = -o**3 + 6*o**2 - 2*o - 5. Let p be d(4). Let i = -2 + 2. Let l = p + i. Is l a prime number?
True
Let s = -15 - -3. Is ((-158)/(-4))/((-2)/s) composite?
True
Suppose -6*s + 8 = -2*s. Suppose -138 = -s*c - 0. Is c composite?
True
Let d(i) = 6*i**2 - 2*i + 1. Let u be d(3). Let h = u + -16. Is h composite?
True
Suppose -c = -3, -5*l - 4*c + 2*c + 2796 = 0. Let r = l + -20. Let p = r + -315. Is p a prime number?
True
Let u(g) = g**2 - 6*g + 1. Let m be u(6). Is ((-55)/4)/(m/(-4)) a prime number?
False
Let d(s) = 8*s**3 + s**2 + 2*s + 19. Is d(6) a prime number?
False
Let y = 11 - 6. Let f be (1 + 6/(-15))*y. Let g = 22 - f. Is g a prime number?
True
Let x be 45/27*3/1. Is -2 + x/2*16 a prime number?
False
Let u = 2455 + -1602. Is u a composite number?
False
Let b = 308 - 182. Is 2 - 2*b/(-4) composite?
True
Suppose -j + 50 = 4. Let c = 7 + j. Is c composite?
False
Let i(o) = o**2 - 12*o - 9. Is i(16) a prime number?
False
Let x = 170 - 75. Is x composite?
True
Suppose -12*i = -11*i - 14. Let z = 17 + i. Is z a composite number?
False
Suppose -844 = -4*f + 4*n, 0*f - 5*n + 657 = 3*f. Is f a composite number?
True
Let v = -119 + 440. Is v composite?
True
Let k = -2251 + 3389. Is k composite?
True
Let j(h) = 91*h**2. Let l = 3 - 4. Let p be j(l). Suppose -3*i + p = 28. Is i a prime number?
False
Suppose -4*g + 3*w + w + 20 = 0, -12 = 4*w. Suppose -192 = -2*f - g*n, 2*f - 4*n - 376 = -2*f. Suppose -o - 4*o = -f. Is o prime?
True
Let o(a) = 2*a**3 - 11*a**2 + 4*a + 10. Is o(7) prime?
False
Suppose 3*x = 8*x - 15. Let j(w) = w + 194. Let r be j(0). Suppose p + r = x*p. Is p prime?
True
Suppose 5*v = -5*v + 19940. Is v a composite number?
True
Let t be ((-813)/9)/((-2)/(-18)). Let f = 1561 + t. Suppose 907 = 5*d - f. Is d prime?
True
Suppose -8 = -r - 2*v + v, 4*r - 14 = 2*v. Suppose -475 = -3*f - 4*q, -r*q - 306 = -2*f + 26. Is f a prime number?
False
Let v = -24 - -46. Is v a prime number?
False
Suppose 3*d = 5*s - 2*d + 570, 5*s = d - 554. Let u = -57 - s. Is u a composite number?
False
Suppose -273 = -d - 2*l, -l - 1144 = -5*d + 265. Let f = d - 80. Is f a composite number?
True
Let h(f) = -5*f + 104 + 2*f + 2*f - 25. Let t(u) = -u**3 - 6*u**2 - 6*u - 5. Let p be t(-5). Is h(p) composite?
False
Suppose 180 = 4*t - 4*c, 5*t + 44 = c + 249. Let f = -21 + t. Is f prime?
True
Suppose 0*c = 3*c - 669. Is c composite?
False
Let o(x) be the first derivative of -133*x**2/2 + x + 4. Is o(-1) a prime number?
False
Let v(p) = -p**3 - 2*p**2 + 19*p + 15. Is v(-7) composite?
False
Suppose 4*g - 146 = -3*q + 2*q, 164 = q - 2*g. Is q prime?
False
Let o(c) be the third derivative of -c**9/60480 + c**8/2520 - c**7/2520 - c**6/144 + c**5/60 + 3*c**2. Let w(u) be the third derivative of o(u). I